{"id":28,"date":"2007-07-22T18:57:36","date_gmt":"2007-07-23T01:57:36","guid":{"rendered":"http:\/\/iglesiatijuana.org\/web\/obras\/"},"modified":"2025-10-08T11:25:16","modified_gmt":"2025-10-08T18:25:16","slug":"obras","status":"publish","type":"page","link":"https:\/\/iglesiatijuana.org\/web\/obras\/","title":{"rendered":"Obras Asistenciales"},"content":{"rendered":"<p><strong>OBRAS ASISTENCIALES DE LA IGLESIA<\/strong><\/p>\n<p><strong>CENTROS DE DISTRIBUCI\u00d3N DE DESPENSA<\/strong><\/p>\n<p><strong>Casa de los Pobres, A.C.<\/strong><br \/>\n<strong>Domicilio: <\/strong>G\u00e9nova No. 6511,<br \/>\nCol. Altamira<br \/>\nC.P. 22054 Tijuana, B.C.<br \/>\n<strong>Tel. <\/strong>(664)687-1340<br \/>\n<strong>Fax. <\/strong>(664)637-3837<br \/>\n<strong>Atendido por: <\/strong>Hna. Armida Andrade, Misioneras Franciscanas de Nuestra Se\u00f1ora de la Paz<\/p>\n<p><strong>Comisi\u00f3n Diocesana de Pastoral Social-C\u00e1ritas <\/strong><br \/>\n<em>Pbro. Andr\u00e9s Ram\u00edrez Pe\u00f1a<\/em><br \/>\n<strong>Domicilio: <\/strong>14 Aquiles Serd\u00e1n No. 1063,<br \/>\nCol. Libertad p\/b<br \/>\nC.P. 22400 Tijuana, B.C.<br \/>\n<strong>Tel. <\/strong>(664) 973-2520<\/p>\n<p><strong>CASAS DE RETIRO<\/strong><\/p>\n<p><strong>Casa Diocesana de Retiros Gozo y Esperanza<\/strong><br \/>\n<em>Pbro. Lino Mar<\/em><br \/>\n<strong>Domicilio: <\/strong>Km. 8.5, Carr. Tecate-Ensenada<br \/>\nTecate, B.C.<br \/>\n<strong>Tel. <\/strong>(665)654-6106<br \/>\n<strong>Fax. <\/strong>(665)654-6106<\/p>\n<p><strong>Casa de Retiros de las Hijas del Esp\u00edritu Santo<\/strong><br \/>\n<strong>Domicilio: <\/strong>C. Crist\u00f3bal Col\u00f3n No. 833, Zona Centro<br \/>\n22000 Tijuana, B.C.<br \/>\n<strong>Tel. y Fax. <\/strong>(664)687-1735<br \/>\n<strong>Atendido por: <\/strong>Hijas del Esp\u00edritu Santo<\/p>\n<p><strong>Casa Manresa, Casa de Retiros Jesuitas<\/strong><br \/>\n<em>Pbro. David Louis Ungerleider Kepler, S. J.<\/em><br \/>\n<strong>Domicilio: <\/strong>: Ave. Centro Universitario No. 2501 Int. \u201cC\u201d,<br \/>\nPlayas de Tijuana,<br \/>\nC.P. 22510 Tijuana, B.C.<br \/>\n<strong>Tel. <\/strong>(664)630-1827<\/p>\n<p><strong>ASILOS DE ANCIANOS<\/strong><\/p>\n<p><strong>Casa Hogar Verdad y Vida<\/strong><br \/>\n<em>Martha Lorena Esquivel<\/em><br \/>\n<strong>Domicilio: <\/strong>Circunvalaci\u00f3n No. 61,<br \/>\nFracc. Los \u00c1lamos<br \/>\nC.P.22540 Tijuana, B.C.<br \/>\n<strong>Tel.<\/strong> (664)621-3709<br \/>\n<strong>Atendido por:<\/strong> Esclavas del Divino Coraz\u00f3n<\/p>\n<p><strong>Casa Hogar Don de Mar\u00eda<\/strong><br \/>\n<em>Hna. M. Janet, MC.<\/em><br \/>\n<strong>Domicilio: <\/strong>Calle Kepler No. 230,<br \/>\nCol. Postal<br \/>\nC.P. 22416 Tijuana, B.C.<br \/>\n<strong>Tel. <\/strong>(664)682-5058<br \/>\n<strong>Atendido por: <\/strong>Misioneras de la Caridad<\/p>\n<p><strong>Casa Hogar Don de Mar\u00eda<\/strong><br \/>\n<em>Hna. M. Alinda MC.<\/em><br \/>\n<strong>Domicilio: <\/strong>Av. Paraiso No. 2800,<br \/>\nCol. Lomas de Rosarito<br \/>\nC.P. 22705 Rosarito, B.C.<br \/>\n<strong>Tel. <\/strong>(661)613-7099, 661-100-3170<br \/>\n<strong>Atendido por: <\/strong>Misioneras de la Caridad<\/p>\n<p>&nbsp;<\/p>\n<p><strong>Casa Hogar San Juan Diego<\/strong><br \/>\n<em>Hna. M. Mar\u00eda Auxilia, MC.<\/em><br \/>\n<strong>Domicilio: <\/strong>calle del R\u00edo Tijuana No. 3551,<br \/>\nFracc. Chapultepec Alamar<br \/>\nC.P. 22110 Tijuana, B.C.<br \/>\n<strong>Tel. <\/strong>(664)621-3041<br \/>\n<strong>Fax. <\/strong>(664)621-3763<br \/>\n<strong>Atendido por: <\/strong>Misioneras de la Caridad<\/p>\n<p>&nbsp;<\/p>\n<p><strong>Casa Hogar del Anciano Juan Pablo II<\/strong><br \/>\n<em>Pbro. Jes\u00fas D\u00edaz Bravo<\/em><br \/>\n<strong>Domicilio: <\/strong>Ave. Vasco de Quiroga<br \/>\nCol. La Gloria<br \/>\nC.P. 22709 Tijuana B.C.<br \/>\n<strong>Tel.<\/strong> (664)636-1609<br \/>\n<strong>Atendido por: <\/strong>Siervas de Santa Margarita Mar\u00eda de los Pobres<\/p>\n<p>&nbsp;<\/p>\n<p><strong>ORFANATORIOS Y GUARDER\u00cdAS<\/strong><\/p>\n<p><strong>Asistencia de la Infancia Salvatierra<\/strong><br \/>\n<strong>Domicilio: <\/strong>Eufrasio Santana No. 171,<br \/>\nCol. Moderna<br \/>\nC.P. 21450 Tecate, B.C.<br \/>\n<strong>Tel. <\/strong>(665)654-1021<br \/>\n<strong>Fax. <\/strong>(665)654-2716<br \/>\n<strong>Atendido por: <\/strong>Misioneras Hijas de la Pur\u00edsima Virgen Mar\u00eda<\/p>\n<p><strong>Casa de Cuna Troncoso y Barruecos<\/strong><br \/>\nHna. Juana Cuatzo Montes<br \/>\n<strong>Domicilio: <\/strong>Av. De las Rosas No. 441,<br \/>\nFracc. Cubillas<br \/>\nC.P. 22045 Tijuana, B.C.<br \/>\n<strong>Tel. <\/strong><strong>y Fax.<\/strong> (664)686-1545<br \/>\n<strong>Atendido por: <\/strong>Hermanas del Sagrado Coraz\u00f3n de Jes\u00fas<\/p>\n<p><strong>Casa Hogar Rosario Arrevillaga<\/strong><br \/>\n<em>Hna. Magdalena Aguilera Ibarra<\/em><br \/>\n<strong>Domicilio: <\/strong>Carret. Libre a Tijuana-Mexicali<br \/>\nTecate, B.C.<br \/>\n<strong>Tel. <\/strong><strong>y Fax. <\/strong>cel (665) 845-1777 (665)655-2154<\/p>\n<p><strong>Guarder\u00eda Don de Mar\u00eda<br \/>\n<\/strong><em>Hna. Hema, MC<\/em><br \/>\n<strong>Domicilio: <\/strong>Ruta Hidalgo No. 9381,<br \/>\nFracc. Mariano Matamoros<br \/>\nC.P. 22206 Tijuana, B.C.<br \/>\n<strong>Tel. <\/strong>(664)629-2484<br \/>\n<strong>Atendido por: <\/strong>Misioneras de la Caridad<\/p>\n<p><strong>Orfanatorio Rancho Nazareth<\/strong><br \/>\n<strong>Domicilio: <\/strong>Camino a Valle Redondo km 7<br \/>\nPaseo del \u00c1guila A.P. 195<br \/>\nC.P. 21470 Tecate, B.C.<br \/>\n<strong>Tel. <\/strong>(665)654-0013<br \/>\n<strong>Atendido por: <\/strong>Hermanas del Sagrado Coraz\u00f3n y de los Pobres<\/p>\n<p><strong>Casa Hogar Calasanz de Tijuana, A.C. (HOCATI)<\/strong><br \/>\n<strong>Domicilio: <\/strong>Leandro Valle No. 8309,<br \/>\nCol. Ju\u00e1rez<br \/>\nC.P. 22040 Tijuana, B.C.<br \/>\n<strong>Tel. <\/strong>(664)381-8043, 634-5793<br \/>\n<strong>Atendido por: <\/strong>Padres Escolapios<\/p>\n<p><strong>HOSPITALES<\/strong><br \/>\n<strong>Hospital del Carmen, S.A. de C.V.<\/strong><br \/>\n<strong>Domicilio: <\/strong>Manuel Doblado No. 402,<br \/>\nCol. Gabilondo<br \/>\nC.P. 22410 Tijuana, B.C.<br \/>\n<strong>Tel. <\/strong>(664)681-7279<br \/>\n<strong>Fax. <\/strong>(664)686-2525<br \/>\n<strong>Atendido por: <\/strong>Carmelitas Misioneras de Santa Teresa<\/p>\n<p><strong>Sanatorio San Francisco de Tijuana<\/strong><br \/>\n<em>Hna. Ver\u00f3nica S\u00e1nchez, H.F.I.C.<\/em><br \/>\n<strong>Domicilio: <\/strong>Gobernador Balarezo No.1090<br \/>\nCol. Am\u00e9rica<br \/>\nC.P. 22400 Tijuana, B.C.<br \/>\n<strong>Tel. <\/strong>(664)686-2948, 681-7636<br \/>\n<strong>Fax. <\/strong>(664)686-2263<br \/>\n<strong>Atendido por: <\/strong>Franciscanas de la Inmaculada Concepci\u00f3n<\/p>\n<p><strong>Unidad Hospitalaria de Salud Mental San Ignacio de Loyola<\/strong><br \/>\n<strong>Ciudad Misericordia<\/strong><br \/>\n<strong>Domicilio: <\/strong>Km. 40.5, Carr. Esc\u00e9nica<br \/>\nEjido Primo de Tapia A.P. 419<br \/>\nC.P. 22711 Playas de Rosarito, B.C.<br \/>\n<strong>Tel. <\/strong>(661)614-1629<br \/>\n<strong>Fax. <\/strong>(661)614-1373<br \/>\n<strong>Atendido por: <\/strong>Misioneras Franciscanas de Nuestra Se\u00f1ora de la Paz<\/p>\n<p><strong>CASAS DE MIGRANTES<\/strong><\/p>\n<p><strong>Centro Madre Assunta<\/strong><br \/>\nHna. Adelia Contini<br \/>\nGalileo 2305 Col. Postal<br \/>\nC.P.22416 Tijuana, B.C.<br \/>\n<strong>Tel.\u00a0\u00a0<\/strong>(664)683 0575<\/p>\n<p><strong>Centro Scalabrini-Casa del Migrante<\/strong><br \/>\nGalileo No. 239,<br \/>\nCol. Postal<br \/>\nC.P. 22350 Tijuana, B.C.<br \/>\n<strong>Tel.<\/strong> (664)682-5180<\/p>\n<p><strong>Desayunador Salesiano Padre Chava<\/strong><br \/>\nVenustiano Carranza 6250,<br \/>\nCol. Castillo<br \/>\nC.P. 22050 Tijuana, B.C.<br \/>\n<strong>Tel.<\/strong> (664)688-2790<\/p>\n","protected":false},"excerpt":{"rendered":"<p>OBRAS ASISTENCIALES DE LA IGLESIA CENTROS DE DISTRIBUCI\u00d3N DE DESPENSA Casa de los Pobres, A.C. Domicilio: G\u00e9nova No. 6511, Col. Altamira C.P. 22054 Tijuana, B.C. Tel. (664)687-1340 Fax. (664)637-3837 Atendido por: Hna. Armida Andrade,&#46;&#46;&#46;<\/p>\n","protected":false},"author":3,"featured_media":0,"parent":0,"menu_order":0,"comment_status":"closed","ping_status":"closed","template":"","meta":{"_exactmetrics_skip_tracking":false,"_exactmetrics_sitenote_active":false,"_exactmetrics_sitenote_note":"","_exactmetrics_sitenote_category":0,"_mc_calendar":[],"footnotes":""},"class_list":["post-28","page","type-page","status-publish","hentry"],"_links":{"self":[{"href":"https:\/\/iglesiatijuana.org\/web\/wp-json\/wp\/v2\/pages\/28","targetHints":{"allow":["GET"]}}],"collection":[{"href":"https:\/\/iglesiatijuana.org\/web\/wp-json\/wp\/v2\/pages"}],"about":[{"href":"https:\/\/iglesiatijuana.org\/web\/wp-json\/wp\/v2\/types\/page"}],"author":[{"embeddable":true,"href":"https:\/\/iglesiatijuana.org\/web\/wp-json\/wp\/v2\/users\/3"}],"replies":[{"embeddable":true,"href":"https:\/\/iglesiatijuana.org\/web\/wp-json\/wp\/v2\/comments?post=28"}],"version-history":[{"count":12,"href":"https:\/\/iglesiatijuana.org\/web\/wp-json\/wp\/v2\/pages\/28\/revisions"}],"predecessor-version":[{"id":15424,"href":"https:\/\/iglesiatijuana.org\/web\/wp-json\/wp\/v2\/pages\/28\/revisions\/15424"}],"wp:attachment":[{"href":"https:\/\/iglesiatijuana.org\/web\/wp-json\/wp\/v2\/media?parent=28"}],"curies":[{"name":"wp","href":"https:\/\/api.w.org\/{rel}","templated":true}]}}