{"id":4253,"date":"2016-03-17T16:31:39","date_gmt":"2016-03-17T23:31:39","guid":{"rendered":"http:\/\/iglesiatijuana.org\/web\/?page_id=4253"},"modified":"2020-02-27T11:22:50","modified_gmt":"2020-02-27T19:22:50","slug":"historia-arquidiocesis","status":"publish","type":"page","link":"https:\/\/iglesiatijuana.org\/web\/historia-arquidiocesis\/","title":{"rendered":"Historia Arquidi\u00f3cesis"},"content":{"rendered":"<h3 style=\"text-align: center;\"><em>\u201c\u00a1Qu\u00e9 hermosos son los pies de los que anuncian la paz, de los que traen buenas noticias!\u201d <\/em><\/h3>\n<p style=\"text-align: center;\">(Rom. 10,15).<\/p>\n<p>&nbsp;<\/p>\n<p style=\"text-align: justify;\">Invaluable fue la labor de los misioneros que recorrieron mares, sierras y desiertos para traer el anuncio de Cristo, Se\u00f1or de la historia, que con su entrega y testimonio han marcado nuestro rostro religioso y anhelos pastorales. Con el establecimiento de las misiones se emprend\u00eda la ardua tarea de inculturar a los ind\u00edgenas la cual consist\u00eda, adem\u00e1s de las ense\u00f1anzas religiosas y sociales, en la capacitaci\u00f3n para mejores formas de vida y sustento, con quehaceres como la agricultura, la ganader\u00eda, la construcci\u00f3n de chozas y prendas de vestir (I Plan Diocesano de Pastoral 1989-1994, n. 054 ).<\/p>\n<p style=\"text-align: justify;\">La conquista espiritual se logr\u00f3, desde el inicio, por el amor y el celo pastoral de los padres Jesuitas, llegando al coraz\u00f3n de los que habitaban estas tierras (pericu\u00e9s, guaicuras y cochim\u00edes). El gran ap\u00f3stol mariano Juan Mar\u00eda de Salvatierra, el 25 de octubre de 1697, entra en procesi\u00f3n con la Virgen de Loreto quien bajo su amparo y patrocinio encomend\u00f3 la obra evangelizadora, llam\u00e1ndola conquistadora de estas tierras, \u201cvive Mar\u00eda, reina Mar\u00eda, vence Mar\u00eda\u201d.<\/p>\n<p style=\"text-align: justify;\">Los padres Jesuitas fueron expulsados de la Pen\u00ednsula en febrero de 1768, y el primero de abril del mismo a\u00f1o llegaron los misioneros franciscanos cuyo superior era Fray Jun\u00edpero Serra, ahora beato, quien parti\u00f3 hacia la Alta California, dejando como superior al padre Francisco Palou; \u00e9ste, a su vez, entreg\u00f3 las misiones a los Padres Dominicos el 12 de mayo de 1773, al padre Vicente Mora, quienes duraron hasta la consumaci\u00f3n de la Independencia en 1821. Posteriormente se llev\u00f3 a cabo la secularizaci\u00f3n de las misiones en 1833.<\/p>\n<p style=\"text-align: justify;\">Al mismo tiempo que se detecta una riqueza espiritual y cultural con la presencia de los Padres Jesuitas, Franciscanos y Dominicos, se advierte por otra parte un per\u00edodo de ausencia pastoral por falta de sacerdotes y medios econ\u00f3micos hasta 1939. A pesar de estas adversidades el pueblo se mantuvo fiel.<\/p>\n<p style=\"text-align: justify;\">La lejan\u00eda, la separaci\u00f3n y la naturaleza agreste e inh\u00f3spita de esta tierra s\u00f3lo pudo ser conquistada por la Cruz, la Virgen Mar\u00eda y la audacia de los misioneros. Nuestra cultura tiene sus ra\u00edces en la obra social y cultural de los misioneros.<\/p>\n<p style=\"text-align: justify;\">Despu\u00e9s de largos a\u00f1os de ausencia sacerdotal, el papa P\u00edo XII encomend\u00f3 a los Padres Misioneros del Esp\u00edritu Santo la obra evangelizadora; y despu\u00e9s fue confiada la administraci\u00f3n del Vicariato a Mons. Felipe Torres Hurtado, tomando posesi\u00f3n el 12 de diciembre de 1939. Pastor celoso, sensible a los cambios y con visi\u00f3n pastoral traslad\u00f3 la sede del Vicariato de La Paz, B.C.S. a Ensenada, B.C., en diciembre de 1940.<\/p>\n<p style=\"text-align: justify;\">Con esp\u00edritu misionero impuls\u00f3 las vocaciones sacerdotales, supli\u00f3 la escasez sacerdotal con el apoyo de las congregaciones femeninas y la Tercera Orden de los Hermanos Franciscanos; adem\u00e1s abri\u00f3 hospitales, escuelas, orfanatorios; pero sobre todo fund\u00f3 el Seminario. Con esta nueva etapa de evangelizaci\u00f3n en Baja California comenz\u00f3 \u201cLa Segunda Conquista Espiritual\u201d.<\/p>\n<p style=\"text-align: justify;\">Don Alfredo Galindo y Mendoza es nombrado por el papa P\u00edo XII Vicario Apost\u00f3lico de Baja California el 9 de diciembre de 1948. El 28 de enero de 1949 tom\u00f3 posesi\u00f3n. Da continuidad a las obras de evangelizaci\u00f3n de su antecesor. Al mismo tiempo nace el Vicariato de La Paz, B.C.S., encomendada a los Padres Combonianos.<\/p>\n<p style=\"text-align: justify;\">La Iglesia misionera nacida en Pentecost\u00e9s (Cfr. Hech 2, 1- 4), infundi\u00f3 en los Ap\u00f3stoles su fuerza para proclamar a Cristo muerto y resucitado. Es el mismo Esp\u00edritu que desciende en el nacimiento de nuestra Iglesia diocesana el 24 de enero de 1964 por la bula Pro Apostolico Munere de su SS. Paulo VI por la que quedaba erigida la Di\u00f3cesis de Tijuana con Mons. Alfredo Galindo y Mendoza como su primer Obispo. Impuls\u00f3 la educaci\u00f3n de la ni\u00f1ez y j\u00f3venes abriendo colegios; construy\u00f3 capillas, hospitales y se preocup\u00f3 por la formaci\u00f3n de los futuros sacerdotes. La Virgen de Loreto recibe el t\u00edtulo de Conquistadora y Patrona de las Californias como lo decret\u00f3 el Papa Pablo VI en la Bula del 4 de Marzo de 1967.<\/p>\n<p style=\"text-align: justify;\">El 14 de junio de 1970 fue ordenado como II Obispo de Tijuana Mons. Juan Jes\u00fas Posadas Ocampo. Hombre alegre, sencillo, amable y atento. Gran ap\u00f3stol, misionero y de intensa labor apost\u00f3lica. Desde su llegada emprendi\u00f3 el reto de organizar la pastoral diocesana en una espiritualidad de comuni\u00f3n. Impuls\u00f3 la pastoral juvenil, vocacional, familiar. Coordin\u00f3 los movimientos apost\u00f3licos y laicales. Estructur\u00f3 los consejos presbiteral y pastoral. Dividi\u00f3 la di\u00f3cesis en decanatos. Fue nombrado Obispo de la di\u00f3cesis de Cuernavaca, despu\u00e9s Arzobispo Cardenal de Guadalajara, y muerto m\u00e1rtir en el a\u00f1o 1993.<\/p>\n<p style=\"text-align: justify;\">El 25 de julio de 1983, fue ordenado como III Obispo de Tijuana Mons. Emilio Carlos Berlie Belaunzar\u00e1n, actual Arzobispo de Yucat\u00e1n. Personaliza la actitud en las formas, m\u00e9todos y t\u00e9cnicas de la Iglesia postconciliar. Gener\u00f3 una activa presencia de todos los fieles en las actividades pastorales. Realiz\u00f3 el I Plan de Pastoral 1989- 1994, con el apoyo invaluable de Mons. Jorge Jim\u00e9nez, actual Arzobispo de Cartagena, Colombia. Se camina hacia una pastoral planificada donde \u201c<em>El pueblo de Dios, de esta Iglesia particular de Tijuana, se constituir\u00e1 en Asamblea Eclesial Diocesana la semana del lunes 17 al viernes 21 del pr\u00f3ximo mes de octubre<\/em>\u201d (Carta circular, 20 de septiembre de 1988). Se vive el primer Jubileo con la celebraci\u00f3n de los 25 a\u00f1os de la Di\u00f3cesis, impuls\u00f3 la formaci\u00f3n sacerdotal y contribuy\u00f3 para que la beata madre Teresa de Calcuta fundara en Tijuana una Casa de los Misioneros de la Caridad.<\/p>\n<p style=\"text-align: justify;\">El 24 de febrero de 1996, Mons. Rafael Romo Mu\u00f1oz, fue ordenado IV Obispo de esta Iglesia particular. Desde su llegada a esta di\u00f3cesis ha cosechado los frutos que sus antecesores sembraron, por eso su compromiso de responder a los retos pastorales que se viven cada d\u00eda, especialmente las vocaciones, la formaci\u00f3n de los presb\u00edteros y de los laicos. Al igual se agradece al santo Padre en elevar a sede Metropolitana esta Di\u00f3cesis el 25 de noviembre de 2006, y a su obispo como primer Arzobispo, tal acontecimiento lo se hizo oficial el 29 de enero de 2007 con una magna celebraci\u00f3n Eucar\u00edstica con todo el pueblo de Dios. El caminar de nuestra historia como Iglesia, se fortalece por el impulso del Esp\u00edritu Santo que la gu\u00eda y la sostiene, por ello fue de gran alegr\u00eda el nacimiento de la Di\u00f3cesis de Ensenada el 25 de abril de 2007. Adem\u00e1s de nuestro presbiterio han salido tres Obispos diocesanos y un religioso al servicio de nuestra Iglesia en M\u00e9xico.<\/p>\n<p>El 16 de junio de 2016, el Papa Francisco nombr\u00f3 a Mons. Francisco Moreno Barr\u00f3n, II Arzobispo Metropolitano de Tijuana, quien tom\u00f3 posesi\u00f3n el 11 de agosto de 2016.\u00a0Actualmente es Responsable de la Dimensi\u00f3n Episcopal de la Pastoral Lit\u00fargica en M\u00e9xico.<\/p>\n","protected":false},"excerpt":{"rendered":"<p>\u201c\u00a1Qu\u00e9 hermosos son los pies de los que anuncian la paz, de los que traen buenas noticias!\u201d (Rom. 10,15). &nbsp; Invaluable fue la labor de los misioneros que recorrieron mares, sierras y desiertos para&#46;&#46;&#46;<\/p>\n","protected":false},"author":3,"featured_media":0,"parent":0,"menu_order":0,"comment_status":"closed","ping_status":"closed","template":"","meta":{"_exactmetrics_skip_tracking":false,"_exactmetrics_sitenote_active":false,"_exactmetrics_sitenote_note":"","_exactmetrics_sitenote_category":0,"_mc_calendar":[],"footnotes":""},"class_list":["post-4253","page","type-page","status-publish","hentry"],"_links":{"self":[{"href":"https:\/\/iglesiatijuana.org\/web\/wp-json\/wp\/v2\/pages\/4253","targetHints":{"allow":["GET"]}}],"collection":[{"href":"https:\/\/iglesiatijuana.org\/web\/wp-json\/wp\/v2\/pages"}],"about":[{"href":"https:\/\/iglesiatijuana.org\/web\/wp-json\/wp\/v2\/types\/page"}],"author":[{"embeddable":true,"href":"https:\/\/iglesiatijuana.org\/web\/wp-json\/wp\/v2\/users\/3"}],"replies":[{"embeddable":true,"href":"https:\/\/iglesiatijuana.org\/web\/wp-json\/wp\/v2\/comments?post=4253"}],"version-history":[{"count":4,"href":"https:\/\/iglesiatijuana.org\/web\/wp-json\/wp\/v2\/pages\/4253\/revisions"}],"predecessor-version":[{"id":11196,"href":"https:\/\/iglesiatijuana.org\/web\/wp-json\/wp\/v2\/pages\/4253\/revisions\/11196"}],"wp:attachment":[{"href":"https:\/\/iglesiatijuana.org\/web\/wp-json\/wp\/v2\/media?parent=4253"}],"curies":[{"name":"wp","href":"https:\/\/api.w.org\/{rel}","templated":true}]}}