{"id":4258,"date":"2016-03-17T16:34:09","date_gmt":"2016-03-17T23:34:09","guid":{"rendered":"http:\/\/iglesiatijuana.org\/web\/?page_id=4258"},"modified":"2020-02-27T11:18:54","modified_gmt":"2020-02-27T19:18:54","slug":"nuestro-arzobispo","status":"publish","type":"page","link":"https:\/\/iglesiatijuana.org\/web\/nuestro-arzobispo\/","title":{"rendered":"Arzobispo Em\u00e9rito"},"content":{"rendered":"<p style=\"text-align: justify;\">El Mons.<a href=\"http:\/\/iglesiatijuana.org\/web\/wp-content\/uploads\/2016\/03\/rafael-romo-mu\u00f1oz-obispo-tijuana.jpg\" rel=\"attachment wp-att-4229\" data-rel=\"lightbox-image-0\" data-rl_title=\"\" data-rl_caption=\"\" title=\"\"><img loading=\"lazy\" decoding=\"async\" class=\"size-medium wp-image-4229 alignleft\" src=\"http:\/\/iglesiatijuana.org\/web\/wp-content\/uploads\/2016\/03\/rafael-romo-mu\u00f1oz-obispo-tijuana-201x300.jpg\" alt=\"rafael-romo-mu\u00f1oz-obispo-tijuana\" width=\"201\" height=\"300\" srcset=\"https:\/\/iglesiatijuana.org\/web\/wp-content\/uploads\/2016\/03\/rafael-romo-mu\u00f1oz-obispo-tijuana-201x300.jpg 201w, https:\/\/iglesiatijuana.org\/web\/wp-content\/uploads\/2016\/03\/rafael-romo-mu\u00f1oz-obispo-tijuana.jpg 300w\" sizes=\"auto, (max-width: 201px) 100vw, 201px\" \/><\/a>\u00a0Rafael Romo Mu\u00f1oz naci\u00f3 en Torre\u00f3n, Coahuila el 22 de noviembre de 1940. Al terminar la primaria ingres\u00f3 al Seminario de Saltillo en el a\u00f1o de 1953. Cinco a\u00f1os despu\u00e9s pas\u00f3 al Seminario Mexicano de Montezuma en Nuevo M\u00e9xico, E.U. donde curs\u00f3 la Filosof\u00eda.<\/p>\n<p style=\"text-align: justify;\">Volvi\u00f3 a Torre\u00f3n por un a\u00f1o escolar, de 1961 a 1962, colaborando en la fundaci\u00f3n del Seminario de Torre\u00f3n.<\/p>\n<p style=\"text-align: justify;\">Curs\u00f3 la Sagrada Teolog\u00eda en la Pontificia Universidad Gregoriana de Roma durante el Concilio Vaticano II obteniendo la Licenciatura en Teolog\u00eda Dogm\u00e1tica.<\/p>\n<p style=\"text-align: justify;\">Su ordenaci\u00f3n sacerdotal fue el 28 de noviembre de 1965 en la ciudad de Roma, por ministerio del Excelent\u00edsimo Se\u00f1or Obispo Don Fernando Romo Guti\u00e9rrez (q.e.p.d.).<\/p>\n<p style=\"text-align: justify;\">De 1966 a 1969 inici\u00f3 su ministerio pastoral como vicario cooperador en la parroquia for\u00e1nea de San Pedro Ap\u00f3stol.<\/p>\n<p style=\"text-align: justify;\">En 1969 fue nombrado Director Espiritual del Seminario de Torre\u00f3n.<\/p>\n<p style=\"text-align: justify;\">Cuatro a\u00f1os despu\u00e9s regres\u00f3 a Roma para hacer estudios especiales de Teolog\u00eda Moral, que concluy\u00f3 en 1977 en la Academia Alfonsina, obteniendo la licenciatura en Teolog\u00eda Moral, quedando inscrito para el doctorado.<\/p>\n<p style=\"text-align: justify;\">De regreso a Torre\u00f3n fue nombrado Rector del Seminario Diocesano, cargo que tuvo durante 17 a\u00f1os.<\/p>\n<p style=\"text-align: justify;\">En 1993 fue designado Presidente de la Organizaci\u00f3n de Seminarios de M\u00e9xico (OSMEX), y vocal de la Organizaci\u00f3n de Seminarios Latinoamericanos (OSLAM), cargo que autom\u00e1ticamente dej\u00f3 al ser solicitado en Roma para hacerse cargo de la Direcci\u00f3n Espiritual en el Pontificio Colegio Mexicano en Roma, a partir de 1995.<\/p>\n<p style=\"text-align: justify;\">Este cargo lo deja nuevamente con motivo de su nombramiento Episcopal a la Di\u00f3cesis de Tijuana, donde fue consagrado IV Obispode Tijuana el d\u00eda 24 de febrero de 1996 por el Se\u00f1or Arzobispo Don Jer\u00f3nimo Prigione, entonces Nuncio Apost\u00f3lico de M\u00e9xico.<\/p>\n<p style=\"text-align: justify;\">El 25 de noviembre de 2006 el Santo Padre Benedicto XVI elev\u00f3 la Di\u00f3cesis de Tijuana a sede metropolitana de la reci\u00e9n creada Provincia de Baja California, confirm\u00e1ndolo como a su primer Arzobispo. Esto se hizo oficial el 29 de enero de 2007.<\/p>\n<p style=\"text-align: justify;\">Posteriormente fue el encargado por dos periodos continuos de la Dimensi\u00f3n de Movilidad Humana (atenci\u00f3n a migrantes) en el Episcopado Mexicano. En 2015-2016\u00a0form\u00f3 parte del consejo de la Conferencia del Episcopado Mexicano.<\/p>\n<p style=\"text-align: justify;\">El 22 de noviembre de 2015 present\u00f3 su renuncia al Santo Padre, misma que acepto el 16 junio de 2016, desde ese d\u00eda hasta el 11 de agosto fue el Administrador Episcopal de la Arquidi\u00f3cesis.<\/p>\n<p style=\"text-align: justify;\">\n","protected":false},"excerpt":{"rendered":"<p>El Mons.\u00a0Rafael Romo Mu\u00f1oz naci\u00f3 en Torre\u00f3n, Coahuila el 22 de noviembre de 1940. Al terminar la primaria ingres\u00f3 al Seminario de Saltillo en el a\u00f1o de 1953. Cinco a\u00f1os despu\u00e9s pas\u00f3 al Seminario&#46;&#46;&#46;<\/p>\n","protected":false},"author":3,"featured_media":0,"parent":0,"menu_order":0,"comment_status":"closed","ping_status":"closed","template":"","meta":{"_exactmetrics_skip_tracking":false,"_exactmetrics_sitenote_active":false,"_exactmetrics_sitenote_note":"","_exactmetrics_sitenote_category":0,"_mc_calendar":[],"footnotes":""},"class_list":["post-4258","page","type-page","status-publish","hentry"],"_links":{"self":[{"href":"https:\/\/iglesiatijuana.org\/web\/wp-json\/wp\/v2\/pages\/4258","targetHints":{"allow":["GET"]}}],"collection":[{"href":"https:\/\/iglesiatijuana.org\/web\/wp-json\/wp\/v2\/pages"}],"about":[{"href":"https:\/\/iglesiatijuana.org\/web\/wp-json\/wp\/v2\/types\/page"}],"author":[{"embeddable":true,"href":"https:\/\/iglesiatijuana.org\/web\/wp-json\/wp\/v2\/users\/3"}],"replies":[{"embeddable":true,"href":"https:\/\/iglesiatijuana.org\/web\/wp-json\/wp\/v2\/comments?post=4258"}],"version-history":[{"count":5,"href":"https:\/\/iglesiatijuana.org\/web\/wp-json\/wp\/v2\/pages\/4258\/revisions"}],"predecessor-version":[{"id":11192,"href":"https:\/\/iglesiatijuana.org\/web\/wp-json\/wp\/v2\/pages\/4258\/revisions\/11192"}],"wp:attachment":[{"href":"https:\/\/iglesiatijuana.org\/web\/wp-json\/wp\/v2\/media?parent=4258"}],"curies":[{"name":"wp","href":"https:\/\/api.w.org\/{rel}","templated":true}]}}